{"id":15453,"date":"2020-09-21T15:28:36","date_gmt":"2020-09-21T15:28:36","guid":{"rendered":"http:\/\/benjamint12.sg-host.com\/?page_id=15453"},"modified":"2021-04-14T12:31:23","modified_gmt":"2021-04-14T12:31:23","slug":"tribunal-participants","status":"publish","type":"page","link":"https:\/\/www.uyghurtribunal.com\/?page_id=15453","title":{"rendered":"Tribunal Participants"},"content":{"rendered":"<p>[vc_row css_animation=&#8221;&#8221; row_type=&#8221;row&#8221; use_row_as_full_screen_section=&#8221;no&#8221; type=&#8221;grid&#8221; angled_section=&#8221;no&#8221; text_align=&#8221;left&#8221; background_image_as_pattern=&#8221;without_pattern&#8221; padding_top=&#8221;60&#8243; padding_bottom=&#8221;150&#8243; z_index=&#8221;&#8221;][vc_column][vc_column_text]<strong>Lead Participants: <\/strong>[\/vc_column_text][vc_separator type=&#8221;transparent&#8221; up=&#8221;30&#8243; down=&#8221;0&#8243; el_class=&#8221;Lead Participants:&#8221;][vc_column_text]<strong>HAMID SABI<\/strong>, Counsel to the Tribunal; is a London based lawyer with an international practice in human rights, arbitration and litigation. He acted as Counsel and Rapporteur to the Iran Tribunal, a people\u2019s tribunal which investigated mass killings of political prisoners by the Islamic Republic of Iran in the 1980s. He served as Counsel to the China Tribunal.[\/vc_column_text][vc_separator type=&#8221;transparent&#8221; up=&#8221;30&#8243; down=&#8221;0&#8243;][vc_column_text]<strong>AARIF ABRAHAM<\/strong>, Legal Adviser; is an international human rights barrister at Garden Court North Chambers in the UK. He qualified as a solicitor at Slaughter and May. He is currently a consultant and on the roster of candidates at the UN.[\/vc_column_text][vc_separator type=&#8221;transparent&#8221; up=&#8221;30&#8243; down=&#8221;0&#8243;][vc_column_text]<strong>ALDO ZAMMIT BORDA<\/strong>, Head of Research and Investigation; is Director of the Centre for Access and Justice at Anglia Ruskin University and prior to that served in the legal division of the Commonwealth Secretariat. He is an advocate of the Courts of Malta and a solicitor in England and Wales (non-practising).[\/vc_column_text][vc_separator type=&#8221;transparent&#8221; up=&#8221;30&#8243; down=&#8221;0&#8243;][vc_column_text]<strong>MARILENA STEGBAUER<\/strong>, General Assistant, is a London based human rights consultant. Previously, she worked for the International Bar Association Human Rights Institute (IBAHRI). She holds an LL.M. in International Criminal Law from the Irish Center for Human Rights NUI Galway.[\/vc_column_text][vc_separator type=&#8221;transparent&#8221; up=&#8221;30&#8243; down=&#8221;0&#8243;][vc_column_text]<strong>NEIL STURMAN<\/strong>, Chief Operating Officer; is a learning development consultant with experience in military and security studies. He is studying law in London.[\/vc_column_text][vc_separator type=&#8221;transparent&#8221; up=&#8221;30&#8243; down=&#8221;0&#8243;][vc_column_text]<strong>FRANKIE VETCH<\/strong>, Project Assistant; is a 1st Class Politics and Modern History from University of Manchester. He was awarded the Faculty of Humanities Dean\u2019s Award for Achievement and the Thomas Brown Prize. Previously he worked with refugees in Calais.[\/vc_column_text][vc_separator type=&#8221;transparent&#8221; up=&#8221;30&#8243; down=&#8221;0&#8243;][vc_column_text]<strong>Advisors:\u00a0<\/strong>[\/vc_column_text][vc_separator type=&#8221;transparent&#8221; up=&#8221;30&#8243; down=&#8221;0&#8243;][vc_column_text]<strong>NEVENKA TROMP<\/strong>, External Advisor; is a lecturer in the field of Transitional Justice at the University of Amsterdam. She is the author of the book &#8220;Prosecuting Slobodan Milo\u0161evi\u0107: The Unfinished Trial.&#8221; She was the Principal Researcher of the Slobodan Milo\u0161evi\u0107 trial at the UN&#8217;s International Criminal Tribunal for the Former Yugoslavia.[\/vc_column_text][vc_separator type=&#8221;transparent&#8221; up=&#8221;60&#8243; down=&#8221;0&#8243;][vc_column_text]<strong>BARONESS HELENA KENNEDY QC<\/strong>, External Advisor; is Director of the International Bar Association Human Rights Institute (IBAHRI). She is a barrister, broadcaster and a member of the UK House of Lords.[\/vc_column_text][vc_separator type=&#8221;transparent&#8221; up=&#8221;60&#8243; down=&#8221;0&#8243;][vc_column_text]<strong>PAUL VAN ZYL<\/strong>, External Advisor; is Executive Secretary of South Africa&#8217;s post-apartheid Truth and Reconciliation Commission and co-founder of the International Center for Transitional Justice (ICTJ). He is the Co-Founder and CCF of The Conduit Club.[\/vc_column_text][vc_separator type=&#8221;transparent&#8221; up=&#8221;60&#8243; down=&#8221;0&#8243;][vc_column_text]<strong>COALITION FOR GENOCIDE RESPONSE<\/strong>; a human rights coalition-building organisation that works towards a comprehensive response to genocide and other international crimes, engaging the UK, regional and international actors, founded by Luke de Pulford and Ewelina Ochab.[\/vc_column_text][vc_separator type=&#8221;transparent&#8221; up=&#8221;60&#8243; down=&#8221;0&#8243;][vc_column_text]<strong>RESEARCHERS: <\/strong>Holly Armstrong-Crowley; Soraya Bauwens; Sapandeep Singh Maini-Thompson; Yassar Tahir; Anouk Wear.[\/vc_column_text][vc_separator type=&#8221;transparent&#8221; up=&#8221;60&#8243; down=&#8221;0&#8243;]<div class=\"social_share_list_holder\"><span>Share on: <\/span><ul><li class=\"facebook_share\"><a title=\"Share on Facebook\" href=\"javascript:void(0)\" onclick=\"window.open('http:\/\/www.facebook.com\/sharer.php?u=https%3A%2F%2Fwww.uyghurtribunal.com%2F%3Fpage_id%3D15453', 'sharer', 'toolbar=0,status=0,width=620,height=280');\"><i class=\"fa fa-facebook\"><\/i><\/a><\/li><li class=\"twitter_share\"><a href=\"#\" title=\"Share on Twitter\" onclick=\"popUp=window.open('http:\/\/twitter.com\/home?status=%5Bvc_row+css_animation%3D%26%238221%3B%26%238221%3B+row_type%3D%26%238221%3Brow%26%238221%3B+https:\/\/www.uyghurtribunal.com\/?page_id=15453', 'popupwindow', 'scrollbars=yes,width=800,height=400');popUp.focus();return false;\"><i class=\"fa fa-twitter\"><\/i><\/a><\/li><li  class=\"linkedin_share\"><a href=\"#\" class=\"Share on LinkedIn\" onclick=\"popUp=window.open('http:\/\/linkedin.com\/shareArticle?mini=true&amp;url=https%3A%2F%2Fwww.uyghurtribunal.com%2F%3Fpage_id%3D15453&amp;title=Tribunal+Participants', 'popupwindow', 'scrollbars=yes,width=800,height=400');popUp.focus();return false\"><i class=\"fa fa-linkedin\"><\/i><\/a><\/li><li  class=\"tumblr_share\"><a href=\"#\" title=\"Share on Tumblr\" onclick=\"popUp=window.open('http:\/\/www.tumblr.com\/share\/link?url=https%3A%2F%2Fwww.uyghurtribunal.com%2F%3Fpage_id%3D15453&amp;name=Tribunal+Participants&amp;description=%5Bvc_row+css_animation%3D%26%238221%3B%26%238221%3B+row_type%3D%26%238221%3Brow%26%238221%3B+use_row_as_full_screen_section%3D%26%238221%3Bno%26%238221%3B+type%3D%26%238221%3Bgrid%26%238221%3B+angled_section%3D%26%238221%3Bno%26%238221%3B+text_align%3D%26%238221%3Bleft%26%238221%3B+background_image_as_pattern%3D%26%238221%3Bwithout_pattern%26%238221%3B+padding_top%3D%26%238221%3B60%26%238243%3B+padding_bottom%3D%26%238221%3B150%26%238243%3B+z_index%3D%26%238221%3B%26%238221%3B%5D%5Bvc_column%5D%5Bvc_column_text%5DLead+Participants%3A+%5B%2Fvc_column_text%5D%5Bvc_separator+type%3D%26%238221%3Btransparent%26%238221%3B+up%3D%26%238221%3B30%26%238243%3B+down%3D%26%238221%3B0%26%238243%3B+el_class%3D%26%238221%3BLead+Participants%3A%26%238221%3B%5D%5Bvc_column_text%5DHAMID+SABI%2C+Counsel+to+the+Tribunal%3B+is+a+London+based+lawyer+with+an+international+practice+in+human+rights%2C+arbitration+and+litigation.+He+acted+as+Counsel+and+Rapporteur+to...', 'popupwindow', 'scrollbars=yes,width=800,height=400');popUp.focus();return false\"><i class=\"fa fa-tumblr\"><\/i><\/a><\/li><\/ul><\/div>[vc_separator type=&#8221;transparent&#8221; up=&#8221;60&#8243; down=&#8221;0&#8243;][\/vc_column][\/vc_row][vc_row css_animation=&#8221;&#8221; row_type=&#8221;row&#8221; use_row_as_full_screen_section=&#8221;no&#8221; type=&#8221;full_width&#8221; angled_section=&#8221;no&#8221; text_align=&#8221;left&#8221; background_image_as_pattern=&#8221;without_pattern&#8221;][vc_column][\/vc_column][\/vc_row]<\/p>\n","protected":false},"excerpt":{"rendered":"<p>[vc_row css_animation=&#8221;&#8221; row_type=&#8221;row&#8221; use_row_as_full_screen_section=&#8221;no&#8221; type=&#8221;grid&#8221; angled_section=&#8221;no&#8221; text_align=&#8221;left&#8221; background_image_as_pattern=&#8221;without_pattern&#8221; padding_top=&#8221;60&#8243; padding_bottom=&#8221;150&#8243; z_index=&#8221;&#8221;][vc_column][vc_column_text]Lead Participants: [\/vc_column_text][vc_separator type=&#8221;transparent&#8221; up=&#8221;30&#8243; down=&#8221;0&#8243; el_class=&#8221;Lead Participants:&#8221;][vc_column_text]HAMID SABI, Counsel to the Tribunal; is a London based lawyer with an international practice in human rights, arbitration and litigation. He acted as Counsel and Rapporteur to&#8230;<\/p>\n","protected":false},"author":1,"featured_media":15753,"parent":0,"menu_order":0,"comment_status":"open","ping_status":"open","template":"full_width.php","meta":[],"yoast_head":"<!-- This site is optimized with the Yoast SEO plugin v19.10 - https:\/\/yoast.com\/wordpress\/plugins\/seo\/ -->\n<title>Tribunal Participants - Uyghur Tribunal<\/title>\n<meta name=\"description\" content=\"SIR GEOFFREY NICE QC, Chair of the Tribunal; has been a barrister since 1971, and served as a part time judge in England between 1984 and 2018. Between 1998 and 2006 he led the prosecution of Slobodan Milo\u0161evi\u0107, former President of Serbia, at the UN\u2019s International Criminal Tribunal for the former Yugoslavia. He was Gresham College Professor of law from 2012-16 and was Chair of the China Tribunal.\" \/>\n<meta name=\"robots\" content=\"index, follow, max-snippet:-1, max-image-preview:large, max-video-preview:-1\" \/>\n<link rel=\"canonical\" href=\"https:\/\/www.uyghurtribunal.com\/?page_id=15453\" \/>\n<meta property=\"og:locale\" content=\"en_US\" \/>\n<meta property=\"og:type\" content=\"article\" \/>\n<meta property=\"og:title\" content=\"Tribunal Participants - Uyghur Tribunal\" \/>\n<meta property=\"og:description\" content=\"SIR GEOFFREY NICE QC, Chair of the Tribunal; has been a barrister since 1971, and served as a part time judge in England between 1984 and 2018. Between 1998 and 2006 he led the prosecution of Slobodan Milo\u0161evi\u0107, former President of Serbia, at the UN\u2019s International Criminal Tribunal for the former Yugoslavia. He was Gresham College Professor of law from 2012-16 and was Chair of the China Tribunal.\" \/>\n<meta property=\"og:url\" content=\"https:\/\/www.uyghurtribunal.com\/?page_id=15453\" \/>\n<meta property=\"og:site_name\" content=\"Uyghur Tribunal\" \/>\n<meta property=\"article:modified_time\" content=\"2021-04-14T12:31:23+00:00\" \/>\n<meta property=\"og:image\" content=\"https:\/\/www.uyghurtribunal.com\/wp-content\/uploads\/2020\/10\/UT_logo-FI.png\" \/>\n\t<meta property=\"og:image:width\" content=\"300\" \/>\n\t<meta property=\"og:image:height\" content=\"300\" \/>\n\t<meta property=\"og:image:type\" content=\"image\/png\" \/>\n<meta name=\"twitter:card\" content=\"summary_large_image\" \/>\n<meta name=\"twitter:label1\" content=\"Est. reading time\" \/>\n\t<meta name=\"twitter:data1\" content=\"3 minutes\" \/>\n<script type=\"application\/ld+json\" class=\"yoast-schema-graph\">{\"@context\":\"https:\/\/schema.org\",\"@graph\":[{\"@type\":\"WebPage\",\"@id\":\"https:\/\/www.uyghurtribunal.com\/?page_id=15453\",\"url\":\"https:\/\/www.uyghurtribunal.com\/?page_id=15453\",\"name\":\"Tribunal Participants - Uyghur Tribunal\",\"isPartOf\":{\"@id\":\"https:\/\/www.uyghurtribunal.com\/#website\"},\"datePublished\":\"2020-09-21T15:28:36+00:00\",\"dateModified\":\"2021-04-14T12:31:23+00:00\",\"description\":\"SIR GEOFFREY NICE QC, Chair of the Tribunal; has been a barrister since 1971, and served as a part time judge in England between 1984 and 2018. Between 1998 and 2006 he led the prosecution of Slobodan Milo\u0161evi\u0107, former President of Serbia, at the UN\u2019s International Criminal Tribunal for the former Yugoslavia. He was Gresham College Professor of law from 2012-16 and was Chair of the China Tribunal.\",\"breadcrumb\":{\"@id\":\"https:\/\/www.uyghurtribunal.com\/?page_id=15453#breadcrumb\"},\"inLanguage\":\"en\",\"potentialAction\":[{\"@type\":\"ReadAction\",\"target\":[\"https:\/\/www.uyghurtribunal.com\/?page_id=15453\"]}]},{\"@type\":\"BreadcrumbList\",\"@id\":\"https:\/\/www.uyghurtribunal.com\/?page_id=15453#breadcrumb\",\"itemListElement\":[{\"@type\":\"ListItem\",\"position\":1,\"name\":\"Home\",\"item\":\"https:\/\/www.uyghurtribunal.com\/\"},{\"@type\":\"ListItem\",\"position\":2,\"name\":\"Tribunal Participants\"}]},{\"@type\":\"WebSite\",\"@id\":\"https:\/\/www.uyghurtribunal.com\/#website\",\"url\":\"https:\/\/www.uyghurtribunal.com\/\",\"name\":\"Uyghur Tribunal\",\"description\":\"UK Tribunal to investigate China&rsquo;s alleged Genocide and crimes against Humanity against Uyghur, Kazakh and other Turkic Muslim populations.\",\"publisher\":{\"@id\":\"https:\/\/www.uyghurtribunal.com\/#organization\"},\"potentialAction\":[{\"@type\":\"SearchAction\",\"target\":{\"@type\":\"EntryPoint\",\"urlTemplate\":\"https:\/\/www.uyghurtribunal.com\/?s={search_term_string}\"},\"query-input\":\"required name=search_term_string\"}],\"inLanguage\":\"en\"},{\"@type\":\"Organization\",\"@id\":\"https:\/\/www.uyghurtribunal.com\/#organization\",\"name\":\"Uyghur Tribunal\",\"url\":\"https:\/\/www.uyghurtribunal.com\/\",\"logo\":{\"@type\":\"ImageObject\",\"inLanguage\":\"en\",\"@id\":\"https:\/\/www.uyghurtribunal.com\/#\/schema\/logo\/image\/\",\"url\":\"https:\/\/www.utjd.org\/uyghurtribunal\/wp-content\/uploads\/2020\/09\/logo-ut.png\",\"contentUrl\":\"https:\/\/www.utjd.org\/uyghurtribunal\/wp-content\/uploads\/2020\/09\/logo-ut.png\",\"width\":329,\"height\":198,\"caption\":\"Uyghur Tribunal\"},\"image\":{\"@id\":\"https:\/\/www.uyghurtribunal.com\/#\/schema\/logo\/image\/\"}}]}<\/script>\n<!-- \/ Yoast SEO plugin. -->","yoast_head_json":{"title":"Tribunal Participants - Uyghur Tribunal","description":"SIR GEOFFREY NICE QC, Chair of the Tribunal; has been a barrister since 1971, and served as a part time judge in England between 1984 and 2018. Between 1998 and 2006 he led the prosecution of Slobodan Milo\u0161evi\u0107, former President of Serbia, at the UN\u2019s International Criminal Tribunal for the former Yugoslavia. He was Gresham College Professor of law from 2012-16 and was Chair of the China Tribunal.","robots":{"index":"index","follow":"follow","max-snippet":"max-snippet:-1","max-image-preview":"max-image-preview:large","max-video-preview":"max-video-preview:-1"},"canonical":"https:\/\/www.uyghurtribunal.com\/?page_id=15453","og_locale":"en_US","og_type":"article","og_title":"Tribunal Participants - Uyghur Tribunal","og_description":"SIR GEOFFREY NICE QC, Chair of the Tribunal; has been a barrister since 1971, and served as a part time judge in England between 1984 and 2018. Between 1998 and 2006 he led the prosecution of Slobodan Milo\u0161evi\u0107, former President of Serbia, at the UN\u2019s International Criminal Tribunal for the former Yugoslavia. He was Gresham College Professor of law from 2012-16 and was Chair of the China Tribunal.","og_url":"https:\/\/www.uyghurtribunal.com\/?page_id=15453","og_site_name":"Uyghur Tribunal","article_modified_time":"2021-04-14T12:31:23+00:00","og_image":[{"width":300,"height":300,"url":"https:\/\/www.uyghurtribunal.com\/wp-content\/uploads\/2020\/10\/UT_logo-FI.png","type":"image\/png"}],"twitter_card":"summary_large_image","twitter_misc":{"Est. reading time":"3 minutes"},"schema":{"@context":"https:\/\/schema.org","@graph":[{"@type":"WebPage","@id":"https:\/\/www.uyghurtribunal.com\/?page_id=15453","url":"https:\/\/www.uyghurtribunal.com\/?page_id=15453","name":"Tribunal Participants - Uyghur Tribunal","isPartOf":{"@id":"https:\/\/www.uyghurtribunal.com\/#website"},"datePublished":"2020-09-21T15:28:36+00:00","dateModified":"2021-04-14T12:31:23+00:00","description":"SIR GEOFFREY NICE QC, Chair of the Tribunal; has been a barrister since 1971, and served as a part time judge in England between 1984 and 2018. Between 1998 and 2006 he led the prosecution of Slobodan Milo\u0161evi\u0107, former President of Serbia, at the UN\u2019s International Criminal Tribunal for the former Yugoslavia. He was Gresham College Professor of law from 2012-16 and was Chair of the China Tribunal.","breadcrumb":{"@id":"https:\/\/www.uyghurtribunal.com\/?page_id=15453#breadcrumb"},"inLanguage":"en","potentialAction":[{"@type":"ReadAction","target":["https:\/\/www.uyghurtribunal.com\/?page_id=15453"]}]},{"@type":"BreadcrumbList","@id":"https:\/\/www.uyghurtribunal.com\/?page_id=15453#breadcrumb","itemListElement":[{"@type":"ListItem","position":1,"name":"Home","item":"https:\/\/www.uyghurtribunal.com\/"},{"@type":"ListItem","position":2,"name":"Tribunal Participants"}]},{"@type":"WebSite","@id":"https:\/\/www.uyghurtribunal.com\/#website","url":"https:\/\/www.uyghurtribunal.com\/","name":"Uyghur Tribunal","description":"UK Tribunal to investigate China&rsquo;s alleged Genocide and crimes against Humanity against Uyghur, Kazakh and other Turkic Muslim populations.","publisher":{"@id":"https:\/\/www.uyghurtribunal.com\/#organization"},"potentialAction":[{"@type":"SearchAction","target":{"@type":"EntryPoint","urlTemplate":"https:\/\/www.uyghurtribunal.com\/?s={search_term_string}"},"query-input":"required name=search_term_string"}],"inLanguage":"en"},{"@type":"Organization","@id":"https:\/\/www.uyghurtribunal.com\/#organization","name":"Uyghur Tribunal","url":"https:\/\/www.uyghurtribunal.com\/","logo":{"@type":"ImageObject","inLanguage":"en","@id":"https:\/\/www.uyghurtribunal.com\/#\/schema\/logo\/image\/","url":"https:\/\/www.utjd.org\/uyghurtribunal\/wp-content\/uploads\/2020\/09\/logo-ut.png","contentUrl":"https:\/\/www.utjd.org\/uyghurtribunal\/wp-content\/uploads\/2020\/09\/logo-ut.png","width":329,"height":198,"caption":"Uyghur Tribunal"},"image":{"@id":"https:\/\/www.uyghurtribunal.com\/#\/schema\/logo\/image\/"}}]}},"_links":{"self":[{"href":"https:\/\/www.uyghurtribunal.com\/index.php?rest_route=\/wp\/v2\/pages\/15453"}],"collection":[{"href":"https:\/\/www.uyghurtribunal.com\/index.php?rest_route=\/wp\/v2\/pages"}],"about":[{"href":"https:\/\/www.uyghurtribunal.com\/index.php?rest_route=\/wp\/v2\/types\/page"}],"author":[{"embeddable":true,"href":"https:\/\/www.uyghurtribunal.com\/index.php?rest_route=\/wp\/v2\/users\/1"}],"replies":[{"embeddable":true,"href":"https:\/\/www.uyghurtribunal.com\/index.php?rest_route=%2Fwp%2Fv2%2Fcomments&post=15453"}],"version-history":[{"count":32,"href":"https:\/\/www.uyghurtribunal.com\/index.php?rest_route=\/wp\/v2\/pages\/15453\/revisions"}],"predecessor-version":[{"id":15916,"href":"https:\/\/www.uyghurtribunal.com\/index.php?rest_route=\/wp\/v2\/pages\/15453\/revisions\/15916"}],"wp:featuredmedia":[{"embeddable":true,"href":"https:\/\/www.uyghurtribunal.com\/index.php?rest_route=\/wp\/v2\/media\/15753"}],"wp:attachment":[{"href":"https:\/\/www.uyghurtribunal.com\/index.php?rest_route=%2Fwp%2Fv2%2Fmedia&parent=15453"}],"curies":[{"name":"wp","href":"https:\/\/api.w.org\/{rel}","templated":true}]}}